{"id":86,"date":"2020-10-29T11:39:36","date_gmt":"2020-10-29T09:39:36","guid":{"rendered":"http:\/\/89.166.51.80\/~pohjoispaij\/ahtola\/?page_id=86"},"modified":"2026-02-17T13:52:48","modified_gmt":"2026-02-17T11:52:48","slug":"lupamaksut-ja-ohjeet","status":"publish","type":"page","link":"https:\/\/keiteleenkalatalousalue.fi\/paadentaipale\/luvat\/lupamaksut-ja-ohjeet\/","title":{"rendered":"Lupamaksut ja ohjeet"},"content":{"rendered":"\n<h2 class=\"wp-block-heading\">Lupamaksut ja ohjeet<\/h2>\n\n\n\n<p>Pyydysmerkit ja Suoj\u00e4rven luvat ovat myynniss\u00e4 Suolahdessa Euronics Kella nimisess\u00e4 liikkeess\u00e4. <\/p>\n\n\n\n<p>Lupahinnat:<br>Osakaskunnan alueella asuvan ruokakuntakohtainen vuosilupa 10\u20ac:a, jolla saa 2 kpl yleismerkki\u00e4.<\/p>\n\n\n\n<p>Yhteisen vesialueen osakkailta perit\u00e4\u00e4n osuusmaksua 8 \u20ac:a, jolla saa kaksi yleismerkki\u00e4 tai kaksi Jurvon merkki\u00e4. Jurvon merkeill\u00e4 voi kalastaa muuallakin osakaskunnan alueella.<\/p>\n\n\n\n<p>Yleismerkit eiv\u00e4t oikeuta Jurvolla verkkokalastukseen.<\/p>\n\n\n\n<p>Lis\u00e4merkit kaksi yleismerkki\u00e4 osakkaille 8\u20ac\/2kpl ja alueella asuville 10\u20ac\/2kpl. Suuremmat m\u00e4\u00e4r\u00e4t 15\u20ac \/ kpl<\/p>\n\n\n\n<p>Samalle henkil\u00f6lle ei myyd\u00e4 kuin yhdet merkit.<\/p>\n\n\n\n<p>Osakaskunnan alueella tilap\u00e4isesti asuvat voivat lunastaa yhden yleismerkin, hinta 10\u20ac:a.<br>Suoj\u00e4rven ruokakuntakohtainen&nbsp;<strong>vuosilupa<\/strong>&nbsp;\u00c4\u00e4nekosken kaupungin alueella asuvalle 50\u20ac:a<br>Suoj\u00e4rven&nbsp;<strong>viikkolupa<\/strong>&nbsp;muille 35 \u20ac:a.<br>Suoj\u00e4rven&nbsp;<strong>vuorokausilupa<\/strong>&nbsp;muille 30\u20ac:a<\/p>\n\n\n\n<p>Kaikkiin pyydysmaksuihin lis\u00e4t\u00e4\u00e4n toimitusmaksu 5\u20ac.<\/p>\n\n\n\n<p>Kalastusv\u00e4lineiss\u00e4 vaadittavien pyydysmerkkien m\u00e4\u00e4r\u00e4t:<\/p>\n\n\n\n<p>Katiskaan riitt\u00e4\u00e4 kalastajan nimi<br>Verkko (alle 30 x 3m): 1kpl<br>Madesuppilo: 1kpl<br>Pitk\u00e4siima 100 koukkua: 1kpl<br>Heittouistin: 1kpl<br>10 rapumertaa: 1kpl<br>Rys\u00e4 (suvanteen koskeus alle 1m): 1kpl<br>Rys\u00e4 (suvanteen koskeus yli 1m): 2kpl<\/p>\n","protected":false},"excerpt":{"rendered":"<p>Lupamaksut ja ohjeet Pyydysmerkit ja Suoj\u00e4rven luvat ovat myynniss\u00e4 Suolahdessa Euronics Kella nimisess\u00e4 liikkeess\u00e4. Lupahinnat:Osakaskunnan alueella asuvan ruokakuntakohtainen vuosilupa 10\u20ac:a, jolla saa 2 kpl yleismerkki\u00e4. Yhteisen vesialueen osakkailta perit\u00e4\u00e4n osuusmaksua 8 \u20ac:a, jolla saa kaksi yleismerkki\u00e4 tai kaksi Jurvon merkki\u00e4. Jurvon merkeill\u00e4 voi kalastaa muuallakin osakaskunnan alueella. Yleismerkit eiv\u00e4t oikeuta Jurvolla verkkokalastukseen. Lis\u00e4merkit kaksi yleismerkki\u00e4<\/p>\n<p><a class=\"moretag\" href=\"https:\/\/keiteleenkalatalousalue.fi\/paadentaipale\/luvat\/lupamaksut-ja-ohjeet\/\"> Lue lis\u00e4\u00e4 ><\/a><\/p>\n","protected":false},"author":1,"featured_media":0,"parent":45,"menu_order":0,"comment_status":"closed","ping_status":"closed","template":"basic-sivu.php","meta":{"_acf_changed":false,"footnotes":""},"class_list":["post-86","page","type-page","status-publish","hentry"],"acf":[],"yoast_head":"<!-- This site is optimized with the Yoast SEO plugin v27.4 - https:\/\/yoast.com\/product\/yoast-seo-wordpress\/ -->\n<title>Lupamaksut ja ohjeet - Paadentaipaleen osakaskunta<\/title>\n<meta name=\"robots\" content=\"index, follow, max-snippet:-1, max-image-preview:large, max-video-preview:-1\" \/>\n<link rel=\"canonical\" href=\"https:\/\/keiteleenkalatalousalue.fi\/paadentaipale\/luvat\/lupamaksut-ja-ohjeet\/\" \/>\n<meta property=\"og:locale\" content=\"fi_FI\" \/>\n<meta property=\"og:type\" content=\"article\" \/>\n<meta property=\"og:title\" content=\"Lupamaksut ja ohjeet - Paadentaipaleen osakaskunta\" \/>\n<meta property=\"og:description\" content=\"Lupamaksut ja ohjeet Pyydysmerkit ja Suoj\u00e4rven luvat ovat myynniss\u00e4 Suolahdessa Euronics Kella nimisess\u00e4 liikkeess\u00e4. Lupahinnat:Osakaskunnan alueella asuvan ruokakuntakohtainen vuosilupa 10\u20ac:a, jolla saa 2 kpl yleismerkki\u00e4. Yhteisen vesialueen osakkailta perit\u00e4\u00e4n osuusmaksua 8 \u20ac:a, jolla saa kaksi yleismerkki\u00e4 tai kaksi Jurvon merkki\u00e4. Jurvon merkeill\u00e4 voi kalastaa muuallakin osakaskunnan alueella. Yleismerkit eiv\u00e4t oikeuta Jurvolla verkkokalastukseen. Lis\u00e4merkit kaksi yleismerkki\u00e4 Lue lis\u00e4\u00e4 &gt;\" \/>\n<meta property=\"og:url\" content=\"https:\/\/keiteleenkalatalousalue.fi\/paadentaipale\/luvat\/lupamaksut-ja-ohjeet\/\" \/>\n<meta property=\"og:site_name\" content=\"Paadentaipaleen osakaskunta\" \/>\n<meta property=\"article:modified_time\" content=\"2026-02-17T11:52:48+00:00\" \/>\n<meta name=\"twitter:card\" content=\"summary_large_image\" \/>\n<meta name=\"twitter:label1\" content=\"Arvioitu lukuaika\" \/>\n\t<meta name=\"twitter:data1\" content=\"1 minuutti\" \/>\n<script type=\"application\/ld+json\" class=\"yoast-schema-graph\">{\"@context\":\"https:\\\/\\\/schema.org\",\"@graph\":[{\"@type\":\"WebPage\",\"@id\":\"https:\\\/\\\/keiteleenkalatalousalue.fi\\\/paadentaipale\\\/luvat\\\/lupamaksut-ja-ohjeet\\\/\",\"url\":\"https:\\\/\\\/keiteleenkalatalousalue.fi\\\/paadentaipale\\\/luvat\\\/lupamaksut-ja-ohjeet\\\/\",\"name\":\"Lupamaksut ja ohjeet - Paadentaipaleen osakaskunta\",\"isPartOf\":{\"@id\":\"https:\\\/\\\/keiteleenkalatalousalue.fi\\\/paadentaipale\\\/#website\"},\"datePublished\":\"2020-10-29T09:39:36+00:00\",\"dateModified\":\"2026-02-17T11:52:48+00:00\",\"breadcrumb\":{\"@id\":\"https:\\\/\\\/keiteleenkalatalousalue.fi\\\/paadentaipale\\\/luvat\\\/lupamaksut-ja-ohjeet\\\/#breadcrumb\"},\"inLanguage\":\"fi\",\"potentialAction\":[{\"@type\":\"ReadAction\",\"target\":[\"https:\\\/\\\/keiteleenkalatalousalue.fi\\\/paadentaipale\\\/luvat\\\/lupamaksut-ja-ohjeet\\\/\"]}]},{\"@type\":\"BreadcrumbList\",\"@id\":\"https:\\\/\\\/keiteleenkalatalousalue.fi\\\/paadentaipale\\\/luvat\\\/lupamaksut-ja-ohjeet\\\/#breadcrumb\",\"itemListElement\":[{\"@type\":\"ListItem\",\"position\":1,\"name\":\"Home\",\"item\":\"https:\\\/\\\/keiteleenkalatalousalue.fi\\\/paadentaipale\\\/\"},{\"@type\":\"ListItem\",\"position\":2,\"name\":\"Yksityinen: Luvat\",\"item\":\"https:\\\/\\\/keiteleenkalatalousalue.fi\\\/paadentaipale\\\/?page_id=45\"},{\"@type\":\"ListItem\",\"position\":3,\"name\":\"Lupamaksut ja ohjeet\"}]},{\"@type\":\"WebSite\",\"@id\":\"https:\\\/\\\/keiteleenkalatalousalue.fi\\\/paadentaipale\\\/#website\",\"url\":\"https:\\\/\\\/keiteleenkalatalousalue.fi\\\/paadentaipale\\\/\",\"name\":\"Paadentaipaleen osakaskunta\",\"description\":\"\",\"potentialAction\":[{\"@type\":\"SearchAction\",\"target\":{\"@type\":\"EntryPoint\",\"urlTemplate\":\"https:\\\/\\\/keiteleenkalatalousalue.fi\\\/paadentaipale\\\/?s={search_term_string}\"},\"query-input\":{\"@type\":\"PropertyValueSpecification\",\"valueRequired\":true,\"valueName\":\"search_term_string\"}}],\"inLanguage\":\"fi\"}]}<\/script>\n<!-- \/ Yoast SEO plugin. -->","yoast_head_json":{"title":"Lupamaksut ja ohjeet - Paadentaipaleen osakaskunta","robots":{"index":"index","follow":"follow","max-snippet":"max-snippet:-1","max-image-preview":"max-image-preview:large","max-video-preview":"max-video-preview:-1"},"canonical":"https:\/\/keiteleenkalatalousalue.fi\/paadentaipale\/luvat\/lupamaksut-ja-ohjeet\/","og_locale":"fi_FI","og_type":"article","og_title":"Lupamaksut ja ohjeet - Paadentaipaleen osakaskunta","og_description":"Lupamaksut ja ohjeet Pyydysmerkit ja Suoj\u00e4rven luvat ovat myynniss\u00e4 Suolahdessa Euronics Kella nimisess\u00e4 liikkeess\u00e4. Lupahinnat:Osakaskunnan alueella asuvan ruokakuntakohtainen vuosilupa 10\u20ac:a, jolla saa 2 kpl yleismerkki\u00e4. Yhteisen vesialueen osakkailta perit\u00e4\u00e4n osuusmaksua 8 \u20ac:a, jolla saa kaksi yleismerkki\u00e4 tai kaksi Jurvon merkki\u00e4. Jurvon merkeill\u00e4 voi kalastaa muuallakin osakaskunnan alueella. Yleismerkit eiv\u00e4t oikeuta Jurvolla verkkokalastukseen. Lis\u00e4merkit kaksi yleismerkki\u00e4 Lue lis\u00e4\u00e4 >","og_url":"https:\/\/keiteleenkalatalousalue.fi\/paadentaipale\/luvat\/lupamaksut-ja-ohjeet\/","og_site_name":"Paadentaipaleen osakaskunta","article_modified_time":"2026-02-17T11:52:48+00:00","twitter_card":"summary_large_image","twitter_misc":{"Arvioitu lukuaika":"1 minuutti"},"schema":{"@context":"https:\/\/schema.org","@graph":[{"@type":"WebPage","@id":"https:\/\/keiteleenkalatalousalue.fi\/paadentaipale\/luvat\/lupamaksut-ja-ohjeet\/","url":"https:\/\/keiteleenkalatalousalue.fi\/paadentaipale\/luvat\/lupamaksut-ja-ohjeet\/","name":"Lupamaksut ja ohjeet - Paadentaipaleen osakaskunta","isPartOf":{"@id":"https:\/\/keiteleenkalatalousalue.fi\/paadentaipale\/#website"},"datePublished":"2020-10-29T09:39:36+00:00","dateModified":"2026-02-17T11:52:48+00:00","breadcrumb":{"@id":"https:\/\/keiteleenkalatalousalue.fi\/paadentaipale\/luvat\/lupamaksut-ja-ohjeet\/#breadcrumb"},"inLanguage":"fi","potentialAction":[{"@type":"ReadAction","target":["https:\/\/keiteleenkalatalousalue.fi\/paadentaipale\/luvat\/lupamaksut-ja-ohjeet\/"]}]},{"@type":"BreadcrumbList","@id":"https:\/\/keiteleenkalatalousalue.fi\/paadentaipale\/luvat\/lupamaksut-ja-ohjeet\/#breadcrumb","itemListElement":[{"@type":"ListItem","position":1,"name":"Home","item":"https:\/\/keiteleenkalatalousalue.fi\/paadentaipale\/"},{"@type":"ListItem","position":2,"name":"Yksityinen: Luvat","item":"https:\/\/keiteleenkalatalousalue.fi\/paadentaipale\/?page_id=45"},{"@type":"ListItem","position":3,"name":"Lupamaksut ja ohjeet"}]},{"@type":"WebSite","@id":"https:\/\/keiteleenkalatalousalue.fi\/paadentaipale\/#website","url":"https:\/\/keiteleenkalatalousalue.fi\/paadentaipale\/","name":"Paadentaipaleen osakaskunta","description":"","potentialAction":[{"@type":"SearchAction","target":{"@type":"EntryPoint","urlTemplate":"https:\/\/keiteleenkalatalousalue.fi\/paadentaipale\/?s={search_term_string}"},"query-input":{"@type":"PropertyValueSpecification","valueRequired":true,"valueName":"search_term_string"}}],"inLanguage":"fi"}]}},"_links":{"self":[{"href":"https:\/\/keiteleenkalatalousalue.fi\/paadentaipale\/wp-json\/wp\/v2\/pages\/86","targetHints":{"allow":["GET"]}}],"collection":[{"href":"https:\/\/keiteleenkalatalousalue.fi\/paadentaipale\/wp-json\/wp\/v2\/pages"}],"about":[{"href":"https:\/\/keiteleenkalatalousalue.fi\/paadentaipale\/wp-json\/wp\/v2\/types\/page"}],"author":[{"embeddable":true,"href":"https:\/\/keiteleenkalatalousalue.fi\/paadentaipale\/wp-json\/wp\/v2\/users\/1"}],"replies":[{"embeddable":true,"href":"https:\/\/keiteleenkalatalousalue.fi\/paadentaipale\/wp-json\/wp\/v2\/comments?post=86"}],"version-history":[{"count":4,"href":"https:\/\/keiteleenkalatalousalue.fi\/paadentaipale\/wp-json\/wp\/v2\/pages\/86\/revisions"}],"predecessor-version":[{"id":286,"href":"https:\/\/keiteleenkalatalousalue.fi\/paadentaipale\/wp-json\/wp\/v2\/pages\/86\/revisions\/286"}],"up":[{"embeddable":true,"href":"https:\/\/keiteleenkalatalousalue.fi\/paadentaipale\/wp-json\/wp\/v2\/pages\/45"}],"wp:attachment":[{"href":"https:\/\/keiteleenkalatalousalue.fi\/paadentaipale\/wp-json\/wp\/v2\/media?parent=86"}],"curies":[{"name":"wp","href":"https:\/\/api.w.org\/{rel}","templated":true}]}}