{"id":49,"date":"2020-10-29T09:51:51","date_gmt":"2020-10-29T09:51:51","guid":{"rendered":"http:\/\/89.166.51.80\/~pohjoispaij\/ahtola\/?page_id=49"},"modified":"2026-02-17T14:19:51","modified_gmt":"2026-02-17T12:19:51","slug":"paatokset","status":"publish","type":"page","link":"https:\/\/keiteleenkalatalousalue.fi\/paadentaipale\/paatokset\/","title":{"rendered":"P\u00e4\u00e4t\u00f6kset"},"content":{"rendered":"\n<h2 class=\"wp-block-heading\">Rajoitukset<\/h2>\n\n\n\n<p>Talvipyynti j\u00e4\u00e4n p\u00e4\u00e4lt\u00e4 on sallittu vain 45 mm:n ja sit\u00e4 harvemmilla verkoilla. Rajoitus ei koske Keitelett\u00e4 eik\u00e4 Jurvoa, joissa ei ole silm\u00e4kokorajoituksia.<\/p>\n\n\n\n<p>Pietisell\u00e4 silm\u00e4kokorajoitus on koko vuoden 35 mm.<\/p>\n\n\n\n<p><strong>Keitele: <\/strong>Riihilahti ja Paatelanlahti (rautatiesillan ja kanavan v\u00e4linen) on rauhoitettu verkkokalastukselta koko vuoden, katiskakalastus on sallittu.<\/p>\n\n\n\n<p><strong>Jurvon alue<\/strong>: Vesialueen osakkaat saavat kalastaa kahdella 30m verkolla. Muilta verkkokalastus kielletty.<\/p>\n\n\n\n<p><strong>Suojoki: <\/strong>Suojoki suualueineen on rauhoitettu kokonaan seisovilta pyydyksilt\u00e4 koko vuoden, suualueet ovat 100 metri\u00e4 joen suusta mitattuna.<\/p>\n\n\n\n<p><strong>Suoj\u00e4rvi: <\/strong>Kalastaminen on normaalilla luvalla kielletty, kalastus vaatii oman lupansa. Kalam\u00e4\u00e4r\u00e4 on rajoitettu kaksi kirjolohta \/ lupa vuorokaudessa. Lupaa kohti sallitaan kaksi vapaa, samoin rannalta ongittaessa sallitaan vain kaksi vapaa. Vapoja ei saa j\u00e4tt\u00e4\u00e4 pyyt\u00e4m\u00e4\u00e4n vaan kalastajan on oltava paikalla. Kaikki kalastus on vuonna 2026 kielletty 27.4\u20131.5 ja 1.\u20135.6. Osakkaat saavat pit\u00e4\u00e4 kahta katiskaa ruokakuntaa kohden. Katiskoissa on oltava omistajan nimi. Verkkokalastus on kokonaan kielletty. Tuulastaminen on kielletty.<\/p>\n\n\n\n<p><strong>Ravustaminen on sallittu vesialueen omistajille: <\/strong>Merroissa on oltava ravustajan yhteystiedot valvonnan helpottamiseksi.<\/p>\n","protected":false},"excerpt":{"rendered":"<p>Rajoitukset Talvipyynti j\u00e4\u00e4n p\u00e4\u00e4lt\u00e4 on sallittu vain 45 mm:n ja sit\u00e4 harvemmilla verkoilla. Rajoitus ei koske Keitelett\u00e4 eik\u00e4 Jurvoa, joissa ei ole silm\u00e4kokorajoituksia. Pietisell\u00e4 silm\u00e4kokorajoitus on koko vuoden 35 mm. Keitele: Riihilahti ja Paatelanlahti (rautatiesillan ja kanavan v\u00e4linen) on rauhoitettu verkkokalastukselta koko vuoden, katiskakalastus on sallittu. Jurvon alue: Vesialueen osakkaat saavat kalastaa kahdella 30m verkolla.<\/p>\n<p><a class=\"moretag\" href=\"https:\/\/keiteleenkalatalousalue.fi\/paadentaipale\/paatokset\/\"> Lue lis\u00e4\u00e4 ><\/a><\/p>\n","protected":false},"author":1,"featured_media":0,"parent":0,"menu_order":0,"comment_status":"closed","ping_status":"closed","template":"basic-sivu.php","meta":{"_acf_changed":false,"footnotes":""},"class_list":["post-49","page","type-page","status-publish","hentry"],"acf":[],"yoast_head":"<!-- This site is optimized with the Yoast SEO plugin v27.4 - https:\/\/yoast.com\/product\/yoast-seo-wordpress\/ -->\n<title>P\u00e4\u00e4t\u00f6kset - Paadentaipaleen osakaskunta<\/title>\n<meta name=\"robots\" content=\"index, follow, max-snippet:-1, max-image-preview:large, max-video-preview:-1\" \/>\n<link rel=\"canonical\" href=\"https:\/\/keiteleenkalatalousalue.fi\/paadentaipale\/paatokset\/\" \/>\n<meta property=\"og:locale\" content=\"fi_FI\" \/>\n<meta property=\"og:type\" content=\"article\" \/>\n<meta property=\"og:title\" content=\"P\u00e4\u00e4t\u00f6kset - Paadentaipaleen osakaskunta\" \/>\n<meta property=\"og:description\" content=\"Rajoitukset Talvipyynti j\u00e4\u00e4n p\u00e4\u00e4lt\u00e4 on sallittu vain 45 mm:n ja sit\u00e4 harvemmilla verkoilla. Rajoitus ei koske Keitelett\u00e4 eik\u00e4 Jurvoa, joissa ei ole silm\u00e4kokorajoituksia. Pietisell\u00e4 silm\u00e4kokorajoitus on koko vuoden 35 mm. Keitele: Riihilahti ja Paatelanlahti (rautatiesillan ja kanavan v\u00e4linen) on rauhoitettu verkkokalastukselta koko vuoden, katiskakalastus on sallittu. Jurvon alue: Vesialueen osakkaat saavat kalastaa kahdella 30m verkolla. Lue lis\u00e4\u00e4 &gt;\" \/>\n<meta property=\"og:url\" content=\"https:\/\/keiteleenkalatalousalue.fi\/paadentaipale\/paatokset\/\" \/>\n<meta property=\"og:site_name\" content=\"Paadentaipaleen osakaskunta\" \/>\n<meta property=\"article:modified_time\" content=\"2026-02-17T12:19:51+00:00\" \/>\n<meta name=\"twitter:card\" content=\"summary_large_image\" \/>\n<meta name=\"twitter:label1\" content=\"Arvioitu lukuaika\" \/>\n\t<meta name=\"twitter:data1\" content=\"1 minuutti\" \/>\n<script type=\"application\/ld+json\" class=\"yoast-schema-graph\">{\"@context\":\"https:\\\/\\\/schema.org\",\"@graph\":[{\"@type\":\"WebPage\",\"@id\":\"https:\\\/\\\/keiteleenkalatalousalue.fi\\\/paadentaipale\\\/paatokset\\\/\",\"url\":\"https:\\\/\\\/keiteleenkalatalousalue.fi\\\/paadentaipale\\\/paatokset\\\/\",\"name\":\"P\u00e4\u00e4t\u00f6kset - Paadentaipaleen osakaskunta\",\"isPartOf\":{\"@id\":\"https:\\\/\\\/keiteleenkalatalousalue.fi\\\/paadentaipale\\\/#website\"},\"datePublished\":\"2020-10-29T09:51:51+00:00\",\"dateModified\":\"2026-02-17T12:19:51+00:00\",\"breadcrumb\":{\"@id\":\"https:\\\/\\\/keiteleenkalatalousalue.fi\\\/paadentaipale\\\/paatokset\\\/#breadcrumb\"},\"inLanguage\":\"fi\",\"potentialAction\":[{\"@type\":\"ReadAction\",\"target\":[\"https:\\\/\\\/keiteleenkalatalousalue.fi\\\/paadentaipale\\\/paatokset\\\/\"]}]},{\"@type\":\"BreadcrumbList\",\"@id\":\"https:\\\/\\\/keiteleenkalatalousalue.fi\\\/paadentaipale\\\/paatokset\\\/#breadcrumb\",\"itemListElement\":[{\"@type\":\"ListItem\",\"position\":1,\"name\":\"Home\",\"item\":\"https:\\\/\\\/keiteleenkalatalousalue.fi\\\/paadentaipale\\\/\"},{\"@type\":\"ListItem\",\"position\":2,\"name\":\"P\u00e4\u00e4t\u00f6kset\"}]},{\"@type\":\"WebSite\",\"@id\":\"https:\\\/\\\/keiteleenkalatalousalue.fi\\\/paadentaipale\\\/#website\",\"url\":\"https:\\\/\\\/keiteleenkalatalousalue.fi\\\/paadentaipale\\\/\",\"name\":\"Paadentaipaleen osakaskunta\",\"description\":\"\",\"potentialAction\":[{\"@type\":\"SearchAction\",\"target\":{\"@type\":\"EntryPoint\",\"urlTemplate\":\"https:\\\/\\\/keiteleenkalatalousalue.fi\\\/paadentaipale\\\/?s={search_term_string}\"},\"query-input\":{\"@type\":\"PropertyValueSpecification\",\"valueRequired\":true,\"valueName\":\"search_term_string\"}}],\"inLanguage\":\"fi\"}]}<\/script>\n<!-- \/ Yoast SEO plugin. -->","yoast_head_json":{"title":"P\u00e4\u00e4t\u00f6kset - Paadentaipaleen osakaskunta","robots":{"index":"index","follow":"follow","max-snippet":"max-snippet:-1","max-image-preview":"max-image-preview:large","max-video-preview":"max-video-preview:-1"},"canonical":"https:\/\/keiteleenkalatalousalue.fi\/paadentaipale\/paatokset\/","og_locale":"fi_FI","og_type":"article","og_title":"P\u00e4\u00e4t\u00f6kset - Paadentaipaleen osakaskunta","og_description":"Rajoitukset Talvipyynti j\u00e4\u00e4n p\u00e4\u00e4lt\u00e4 on sallittu vain 45 mm:n ja sit\u00e4 harvemmilla verkoilla. Rajoitus ei koske Keitelett\u00e4 eik\u00e4 Jurvoa, joissa ei ole silm\u00e4kokorajoituksia. Pietisell\u00e4 silm\u00e4kokorajoitus on koko vuoden 35 mm. Keitele: Riihilahti ja Paatelanlahti (rautatiesillan ja kanavan v\u00e4linen) on rauhoitettu verkkokalastukselta koko vuoden, katiskakalastus on sallittu. Jurvon alue: Vesialueen osakkaat saavat kalastaa kahdella 30m verkolla. Lue lis\u00e4\u00e4 >","og_url":"https:\/\/keiteleenkalatalousalue.fi\/paadentaipale\/paatokset\/","og_site_name":"Paadentaipaleen osakaskunta","article_modified_time":"2026-02-17T12:19:51+00:00","twitter_card":"summary_large_image","twitter_misc":{"Arvioitu lukuaika":"1 minuutti"},"schema":{"@context":"https:\/\/schema.org","@graph":[{"@type":"WebPage","@id":"https:\/\/keiteleenkalatalousalue.fi\/paadentaipale\/paatokset\/","url":"https:\/\/keiteleenkalatalousalue.fi\/paadentaipale\/paatokset\/","name":"P\u00e4\u00e4t\u00f6kset - Paadentaipaleen osakaskunta","isPartOf":{"@id":"https:\/\/keiteleenkalatalousalue.fi\/paadentaipale\/#website"},"datePublished":"2020-10-29T09:51:51+00:00","dateModified":"2026-02-17T12:19:51+00:00","breadcrumb":{"@id":"https:\/\/keiteleenkalatalousalue.fi\/paadentaipale\/paatokset\/#breadcrumb"},"inLanguage":"fi","potentialAction":[{"@type":"ReadAction","target":["https:\/\/keiteleenkalatalousalue.fi\/paadentaipale\/paatokset\/"]}]},{"@type":"BreadcrumbList","@id":"https:\/\/keiteleenkalatalousalue.fi\/paadentaipale\/paatokset\/#breadcrumb","itemListElement":[{"@type":"ListItem","position":1,"name":"Home","item":"https:\/\/keiteleenkalatalousalue.fi\/paadentaipale\/"},{"@type":"ListItem","position":2,"name":"P\u00e4\u00e4t\u00f6kset"}]},{"@type":"WebSite","@id":"https:\/\/keiteleenkalatalousalue.fi\/paadentaipale\/#website","url":"https:\/\/keiteleenkalatalousalue.fi\/paadentaipale\/","name":"Paadentaipaleen osakaskunta","description":"","potentialAction":[{"@type":"SearchAction","target":{"@type":"EntryPoint","urlTemplate":"https:\/\/keiteleenkalatalousalue.fi\/paadentaipale\/?s={search_term_string}"},"query-input":{"@type":"PropertyValueSpecification","valueRequired":true,"valueName":"search_term_string"}}],"inLanguage":"fi"}]}},"_links":{"self":[{"href":"https:\/\/keiteleenkalatalousalue.fi\/paadentaipale\/wp-json\/wp\/v2\/pages\/49","targetHints":{"allow":["GET"]}}],"collection":[{"href":"https:\/\/keiteleenkalatalousalue.fi\/paadentaipale\/wp-json\/wp\/v2\/pages"}],"about":[{"href":"https:\/\/keiteleenkalatalousalue.fi\/paadentaipale\/wp-json\/wp\/v2\/types\/page"}],"author":[{"embeddable":true,"href":"https:\/\/keiteleenkalatalousalue.fi\/paadentaipale\/wp-json\/wp\/v2\/users\/1"}],"replies":[{"embeddable":true,"href":"https:\/\/keiteleenkalatalousalue.fi\/paadentaipale\/wp-json\/wp\/v2\/comments?post=49"}],"version-history":[{"count":4,"href":"https:\/\/keiteleenkalatalousalue.fi\/paadentaipale\/wp-json\/wp\/v2\/pages\/49\/revisions"}],"predecessor-version":[{"id":291,"href":"https:\/\/keiteleenkalatalousalue.fi\/paadentaipale\/wp-json\/wp\/v2\/pages\/49\/revisions\/291"}],"wp:attachment":[{"href":"https:\/\/keiteleenkalatalousalue.fi\/paadentaipale\/wp-json\/wp\/v2\/media?parent=49"}],"curies":[{"name":"wp","href":"https:\/\/api.w.org\/{rel}","templated":true}]}}