{"id":90,"date":"2020-10-29T11:42:18","date_gmt":"2020-10-29T09:42:18","guid":{"rendered":"http:\/\/89.166.51.80\/~pohjoispaij\/ahtola\/?page_id=90"},"modified":"2021-04-27T14:09:21","modified_gmt":"2021-04-27T11:09:21","slug":"luvanmyyjat-ja-lupakartta","status":"publish","type":"page","link":"https:\/\/keiteleenkalatalousalue.fi\/listo\/luvat\/luvanmyyjat-ja-lupakartta\/","title":{"rendered":"Luvanmyyj\u00e4t ja lupakartta"},"content":{"rendered":"\n<h2 class=\"wp-block-heading\">Luvanmyyj\u00e4t<\/h2>\n\n\n\n<p>Reijo J\u00e4msen, Mulliahontie 346 Konnevesi , puh: 040-5594729<br>Kesport Niskanen, \u00c4\u00e4nekoski<br>Kanavaradio, Suolahti\u00a0<\/p>\n\n\n\n<h2 class=\"wp-block-heading\">Lupakartta<\/h2>\n\n\n\n<figure class=\"wp-block-image size-large\"><img loading=\"lazy\" decoding=\"async\" width=\"222\" height=\"244\" src=\"https:\/\/keiteleenkalatalousalue.fi\/listo\/wp-content\/uploads\/sites\/19\/2021\/04\/Liston_1.jpg\" alt=\"\" class=\"wp-image-257\"\/><\/figure>\n","protected":false},"excerpt":{"rendered":"<p>Luvanmyyj\u00e4t Reijo J\u00e4msen, Mulliahontie 346 Konnevesi , puh: 040-5594729Kesport Niskanen, \u00c4\u00e4nekoskiKanavaradio, Suolahti\u00a0 Lupakartta<\/p>\n","protected":false},"author":1,"featured_media":0,"parent":45,"menu_order":0,"comment_status":"closed","ping_status":"closed","template":"basic-sivu.php","meta":{"_acf_changed":false,"footnotes":""},"class_list":["post-90","page","type-page","status-publish","hentry"],"acf":[],"yoast_head":"<!-- This site is optimized with the Yoast SEO plugin v27.4 - https:\/\/yoast.com\/product\/yoast-seo-wordpress\/ -->\n<title>Luvanmyyj\u00e4t ja lupakartta - Liston osakaskunta<\/title>\n<meta name=\"robots\" content=\"index, follow, max-snippet:-1, max-image-preview:large, max-video-preview:-1\" \/>\n<link rel=\"canonical\" href=\"https:\/\/keiteleenkalatalousalue.fi\/listo\/luvat\/luvanmyyjat-ja-lupakartta\/\" \/>\n<meta property=\"og:locale\" content=\"fi_FI\" \/>\n<meta property=\"og:type\" content=\"article\" \/>\n<meta property=\"og:title\" content=\"Luvanmyyj\u00e4t ja lupakartta - Liston osakaskunta\" \/>\n<meta property=\"og:description\" content=\"Luvanmyyj\u00e4t Reijo J\u00e4msen, Mulliahontie 346 Konnevesi , puh: 040-5594729Kesport Niskanen, \u00c4\u00e4nekoskiKanavaradio, Suolahti\u00a0 Lupakartta\" \/>\n<meta property=\"og:url\" content=\"https:\/\/keiteleenkalatalousalue.fi\/listo\/luvat\/luvanmyyjat-ja-lupakartta\/\" \/>\n<meta property=\"og:site_name\" content=\"Liston osakaskunta\" \/>\n<meta property=\"article:modified_time\" content=\"2021-04-27T11:09:21+00:00\" \/>\n<meta property=\"og:image\" content=\"https:\/\/keiteleenkalatalousalue.fi\/listo\/wp-content\/uploads\/sites\/19\/2021\/04\/Liston_1.jpg\" \/>\n<meta name=\"twitter:card\" content=\"summary_large_image\" \/>\n<script type=\"application\/ld+json\" class=\"yoast-schema-graph\">{\"@context\":\"https:\\\/\\\/schema.org\",\"@graph\":[{\"@type\":\"WebPage\",\"@id\":\"https:\\\/\\\/keiteleenkalatalousalue.fi\\\/listo\\\/luvat\\\/luvanmyyjat-ja-lupakartta\\\/\",\"url\":\"https:\\\/\\\/keiteleenkalatalousalue.fi\\\/listo\\\/luvat\\\/luvanmyyjat-ja-lupakartta\\\/\",\"name\":\"Luvanmyyj\u00e4t ja lupakartta - Liston osakaskunta\",\"isPartOf\":{\"@id\":\"https:\\\/\\\/keiteleenkalatalousalue.fi\\\/listo\\\/#website\"},\"primaryImageOfPage\":{\"@id\":\"https:\\\/\\\/keiteleenkalatalousalue.fi\\\/listo\\\/luvat\\\/luvanmyyjat-ja-lupakartta\\\/#primaryimage\"},\"image\":{\"@id\":\"https:\\\/\\\/keiteleenkalatalousalue.fi\\\/listo\\\/luvat\\\/luvanmyyjat-ja-lupakartta\\\/#primaryimage\"},\"thumbnailUrl\":\"https:\\\/\\\/keiteleenkalatalousalue.fi\\\/listo\\\/wp-content\\\/uploads\\\/sites\\\/19\\\/2021\\\/04\\\/Liston_1.jpg\",\"datePublished\":\"2020-10-29T09:42:18+00:00\",\"dateModified\":\"2021-04-27T11:09:21+00:00\",\"breadcrumb\":{\"@id\":\"https:\\\/\\\/keiteleenkalatalousalue.fi\\\/listo\\\/luvat\\\/luvanmyyjat-ja-lupakartta\\\/#breadcrumb\"},\"inLanguage\":\"fi\",\"potentialAction\":[{\"@type\":\"ReadAction\",\"target\":[\"https:\\\/\\\/keiteleenkalatalousalue.fi\\\/listo\\\/luvat\\\/luvanmyyjat-ja-lupakartta\\\/\"]}]},{\"@type\":\"ImageObject\",\"inLanguage\":\"fi\",\"@id\":\"https:\\\/\\\/keiteleenkalatalousalue.fi\\\/listo\\\/luvat\\\/luvanmyyjat-ja-lupakartta\\\/#primaryimage\",\"url\":\"https:\\\/\\\/keiteleenkalatalousalue.fi\\\/listo\\\/wp-content\\\/uploads\\\/sites\\\/19\\\/2021\\\/04\\\/Liston_1.jpg\",\"contentUrl\":\"https:\\\/\\\/keiteleenkalatalousalue.fi\\\/listo\\\/wp-content\\\/uploads\\\/sites\\\/19\\\/2021\\\/04\\\/Liston_1.jpg\",\"width\":222,\"height\":244},{\"@type\":\"BreadcrumbList\",\"@id\":\"https:\\\/\\\/keiteleenkalatalousalue.fi\\\/listo\\\/luvat\\\/luvanmyyjat-ja-lupakartta\\\/#breadcrumb\",\"itemListElement\":[{\"@type\":\"ListItem\",\"position\":1,\"name\":\"Home\",\"item\":\"https:\\\/\\\/keiteleenkalatalousalue.fi\\\/listo\\\/\"},{\"@type\":\"ListItem\",\"position\":2,\"name\":\"Yksityinen: Luvat\",\"item\":\"https:\\\/\\\/keiteleenkalatalousalue.fi\\\/listo\\\/?page_id=45\"},{\"@type\":\"ListItem\",\"position\":3,\"name\":\"Luvanmyyj\u00e4t ja lupakartta\"}]},{\"@type\":\"WebSite\",\"@id\":\"https:\\\/\\\/keiteleenkalatalousalue.fi\\\/listo\\\/#website\",\"url\":\"https:\\\/\\\/keiteleenkalatalousalue.fi\\\/listo\\\/\",\"name\":\"Liston osakaskunta\",\"description\":\"\",\"potentialAction\":[{\"@type\":\"SearchAction\",\"target\":{\"@type\":\"EntryPoint\",\"urlTemplate\":\"https:\\\/\\\/keiteleenkalatalousalue.fi\\\/listo\\\/?s={search_term_string}\"},\"query-input\":{\"@type\":\"PropertyValueSpecification\",\"valueRequired\":true,\"valueName\":\"search_term_string\"}}],\"inLanguage\":\"fi\"}]}<\/script>\n<!-- \/ Yoast SEO plugin. -->","yoast_head_json":{"title":"Luvanmyyj\u00e4t ja lupakartta - Liston osakaskunta","robots":{"index":"index","follow":"follow","max-snippet":"max-snippet:-1","max-image-preview":"max-image-preview:large","max-video-preview":"max-video-preview:-1"},"canonical":"https:\/\/keiteleenkalatalousalue.fi\/listo\/luvat\/luvanmyyjat-ja-lupakartta\/","og_locale":"fi_FI","og_type":"article","og_title":"Luvanmyyj\u00e4t ja lupakartta - Liston osakaskunta","og_description":"Luvanmyyj\u00e4t Reijo J\u00e4msen, Mulliahontie 346 Konnevesi , puh: 040-5594729Kesport Niskanen, \u00c4\u00e4nekoskiKanavaradio, Suolahti\u00a0 Lupakartta","og_url":"https:\/\/keiteleenkalatalousalue.fi\/listo\/luvat\/luvanmyyjat-ja-lupakartta\/","og_site_name":"Liston osakaskunta","article_modified_time":"2021-04-27T11:09:21+00:00","og_image":[{"url":"https:\/\/keiteleenkalatalousalue.fi\/listo\/wp-content\/uploads\/sites\/19\/2021\/04\/Liston_1.jpg","type":"","width":"","height":""}],"twitter_card":"summary_large_image","schema":{"@context":"https:\/\/schema.org","@graph":[{"@type":"WebPage","@id":"https:\/\/keiteleenkalatalousalue.fi\/listo\/luvat\/luvanmyyjat-ja-lupakartta\/","url":"https:\/\/keiteleenkalatalousalue.fi\/listo\/luvat\/luvanmyyjat-ja-lupakartta\/","name":"Luvanmyyj\u00e4t ja lupakartta - Liston osakaskunta","isPartOf":{"@id":"https:\/\/keiteleenkalatalousalue.fi\/listo\/#website"},"primaryImageOfPage":{"@id":"https:\/\/keiteleenkalatalousalue.fi\/listo\/luvat\/luvanmyyjat-ja-lupakartta\/#primaryimage"},"image":{"@id":"https:\/\/keiteleenkalatalousalue.fi\/listo\/luvat\/luvanmyyjat-ja-lupakartta\/#primaryimage"},"thumbnailUrl":"https:\/\/keiteleenkalatalousalue.fi\/listo\/wp-content\/uploads\/sites\/19\/2021\/04\/Liston_1.jpg","datePublished":"2020-10-29T09:42:18+00:00","dateModified":"2021-04-27T11:09:21+00:00","breadcrumb":{"@id":"https:\/\/keiteleenkalatalousalue.fi\/listo\/luvat\/luvanmyyjat-ja-lupakartta\/#breadcrumb"},"inLanguage":"fi","potentialAction":[{"@type":"ReadAction","target":["https:\/\/keiteleenkalatalousalue.fi\/listo\/luvat\/luvanmyyjat-ja-lupakartta\/"]}]},{"@type":"ImageObject","inLanguage":"fi","@id":"https:\/\/keiteleenkalatalousalue.fi\/listo\/luvat\/luvanmyyjat-ja-lupakartta\/#primaryimage","url":"https:\/\/keiteleenkalatalousalue.fi\/listo\/wp-content\/uploads\/sites\/19\/2021\/04\/Liston_1.jpg","contentUrl":"https:\/\/keiteleenkalatalousalue.fi\/listo\/wp-content\/uploads\/sites\/19\/2021\/04\/Liston_1.jpg","width":222,"height":244},{"@type":"BreadcrumbList","@id":"https:\/\/keiteleenkalatalousalue.fi\/listo\/luvat\/luvanmyyjat-ja-lupakartta\/#breadcrumb","itemListElement":[{"@type":"ListItem","position":1,"name":"Home","item":"https:\/\/keiteleenkalatalousalue.fi\/listo\/"},{"@type":"ListItem","position":2,"name":"Yksityinen: Luvat","item":"https:\/\/keiteleenkalatalousalue.fi\/listo\/?page_id=45"},{"@type":"ListItem","position":3,"name":"Luvanmyyj\u00e4t ja lupakartta"}]},{"@type":"WebSite","@id":"https:\/\/keiteleenkalatalousalue.fi\/listo\/#website","url":"https:\/\/keiteleenkalatalousalue.fi\/listo\/","name":"Liston osakaskunta","description":"","potentialAction":[{"@type":"SearchAction","target":{"@type":"EntryPoint","urlTemplate":"https:\/\/keiteleenkalatalousalue.fi\/listo\/?s={search_term_string}"},"query-input":{"@type":"PropertyValueSpecification","valueRequired":true,"valueName":"search_term_string"}}],"inLanguage":"fi"}]}},"_links":{"self":[{"href":"https:\/\/keiteleenkalatalousalue.fi\/listo\/wp-json\/wp\/v2\/pages\/90","targetHints":{"allow":["GET"]}}],"collection":[{"href":"https:\/\/keiteleenkalatalousalue.fi\/listo\/wp-json\/wp\/v2\/pages"}],"about":[{"href":"https:\/\/keiteleenkalatalousalue.fi\/listo\/wp-json\/wp\/v2\/types\/page"}],"author":[{"embeddable":true,"href":"https:\/\/keiteleenkalatalousalue.fi\/listo\/wp-json\/wp\/v2\/users\/1"}],"replies":[{"embeddable":true,"href":"https:\/\/keiteleenkalatalousalue.fi\/listo\/wp-json\/wp\/v2\/comments?post=90"}],"version-history":[{"count":2,"href":"https:\/\/keiteleenkalatalousalue.fi\/listo\/wp-json\/wp\/v2\/pages\/90\/revisions"}],"predecessor-version":[{"id":258,"href":"https:\/\/keiteleenkalatalousalue.fi\/listo\/wp-json\/wp\/v2\/pages\/90\/revisions\/258"}],"up":[{"embeddable":true,"href":"https:\/\/keiteleenkalatalousalue.fi\/listo\/wp-json\/wp\/v2\/pages\/45"}],"wp:attachment":[{"href":"https:\/\/keiteleenkalatalousalue.fi\/listo\/wp-json\/wp\/v2\/media?parent=90"}],"curies":[{"name":"wp","href":"https:\/\/api.w.org\/{rel}","templated":true}]}}