{"id":271,"date":"2021-04-27T11:08:19","date_gmt":"2021-04-27T08:08:19","guid":{"rendered":"http:\/\/89.166.51.80\/~keiteleen\/haapakyla\/?page_id=271"},"modified":"2024-04-04T12:32:55","modified_gmt":"2024-04-04T09:32:55","slug":"ajankohtaista","status":"publish","type":"page","link":"https:\/\/keiteleenkalatalousalue.fi\/haapakyla\/ajankohtaista\/","title":{"rendered":"Ajankohtaista"},"content":{"rendered":"\n<h2 class=\"wp-block-heading\">Ajankohtaista<\/h2>\n\n\n\n<p>Haapakyl\u00e4n kalastuskunnan s\u00e4\u00e4nt\u00f6m\u00e4\u00e4r\u00e4inen yleiskokous pidet\u00e4\u00e4n sunnuntaina 28.4.2024 klo 18:00 Sumiaisissa Kahvila Korpun (ent.) tiloissa. S\u00e4\u00e4nt\u00f6m\u00e4\u00e4r\u00e4iset asiat, lis\u00e4ksi Suomi.fi-valtuudet.<br>Hoitokunta.<\/p>\n\n\n\n<div class=\"wp-block-file\"><a id=\"wp-block-file--media-fab3c35f-8c9f-4045-b10f-be67caff8739\" href=\"https:\/\/keiteleenkalatalousalue.fi\/haapakyla\/wp-content\/uploads\/sites\/4\/2023\/01\/Keiteleen-Karttuselan-ja-Kertonselan-kirjanpitokalastus-vuosina-2009\u20132021.pdf\">Keiteleen Karttusel\u00e4n ja Kertonsel\u00e4n kirjanpitokalastus vuosina 2009\u20132021<\/a><a href=\"https:\/\/keiteleenkalatalousalue.fi\/haapakyla\/wp-content\/uploads\/sites\/4\/2023\/01\/Keiteleen-Karttuselan-ja-Kertonselan-kirjanpitokalastus-vuosina-2009\u20132021.pdf\" class=\"wp-block-file__button wp-element-button\" download aria-describedby=\"wp-block-file--media-fab3c35f-8c9f-4045-b10f-be67caff8739\">Lataa<\/a><\/div>\n\n\n\n<div class=\"wp-block-file\"><a id=\"wp-block-file--media-fd7ca075-269a-4cb9-b488-d82143fb7327\" href=\"https:\/\/keiteleenkalatalousalue.fi\/haapakyla\/wp-content\/uploads\/sites\/4\/2023\/01\/Kuhan-kasvu-Karttuselalla-2022-1.pdf\">Kuhan kasvu Karttusel\u00e4ll\u00e4 2022 (1)<\/a><a href=\"https:\/\/keiteleenkalatalousalue.fi\/haapakyla\/wp-content\/uploads\/sites\/4\/2023\/01\/Kuhan-kasvu-Karttuselalla-2022-1.pdf\" class=\"wp-block-file__button wp-element-button\" download aria-describedby=\"wp-block-file--media-fd7ca075-269a-4cb9-b488-d82143fb7327\">Lataa<\/a><\/div>\n\n\n\n<p>~<\/p>\n\n\n\n<p><strong>Osakaskunnan verkkosivut, lupahinnat ja -ehdot p\u00e4ivitetty 9.5.2017<\/strong><\/p>\n\n\n\n<p>~<\/p>\n\n\n\n<p><strong>Osakaskunnan sivut p\u00e4ivitetty 20.1.2016<\/strong><\/p>\n\n\n\n<p>~<\/p>\n\n\n\n<p>7.5.2014<\/p>\n\n\n\n<p><strong>Osakaskunnan sivujen tiedot p\u00e4ivitetty&nbsp;<\/strong>(mm. lupahinnat, s\u00e4\u00e4nn\u00f6t)!<\/p>\n\n\n\n<p>~<\/p>\n\n\n\n<p>13.4.2012<\/p>\n\n\n\n<p><strong>Keski-Suomen 3. vaihemaakuntakaava, j\u00e4tetyt lausunnot ja vastineet;<\/strong><\/p>\n\n\n\n<p><a href=\"http:\/\/www.keskisuomi.fi\/3.vmk\" target=\"_blank\" rel=\"noreferrer noopener\">www.keskisuomi.fi\/3.vmk<\/a><\/p>\n\n\n\n<p>~<\/p>\n\n\n\n<p>29.3.2010<\/p>\n\n\n\n<p><strong>Internetsivut p\u00e4ivitetty 29.3.2010.<\/strong><\/p>\n\n\n\n<p>~<\/p>\n\n\n\n<p>Osakaskunnan vuosikokous pidettiin 28.3.2010.<\/p>\n\n\n\n<p>~<\/p>\n","protected":false},"excerpt":{"rendered":"<p>Ajankohtaista Haapakyl\u00e4n kalastuskunnan s\u00e4\u00e4nt\u00f6m\u00e4\u00e4r\u00e4inen yleiskokous pidet\u00e4\u00e4n sunnuntaina 28.4.2024 klo 18:00 Sumiaisissa Kahvila Korpun (ent.) tiloissa. S\u00e4\u00e4nt\u00f6m\u00e4\u00e4r\u00e4iset asiat, lis\u00e4ksi Suomi.fi-valtuudet.Hoitokunta. ~ Osakaskunnan verkkosivut, lupahinnat ja -ehdot p\u00e4ivitetty 9.5.2017 ~ Osakaskunnan sivut p\u00e4ivitetty 20.1.2016 ~ 7.5.2014 Osakaskunnan sivujen tiedot p\u00e4ivitetty&nbsp;(mm. lupahinnat, s\u00e4\u00e4nn\u00f6t)! ~ 13.4.2012 Keski-Suomen 3. vaihemaakuntakaava, j\u00e4tetyt lausunnot ja vastineet; www.keskisuomi.fi\/3.vmk ~ 29.3.2010 Internetsivut p\u00e4ivitetty 29.3.2010.<\/p>\n<p><a class=\"moretag\" href=\"https:\/\/keiteleenkalatalousalue.fi\/haapakyla\/ajankohtaista\/\"> Lue lis\u00e4\u00e4 ><\/a><\/p>\n","protected":false},"author":1,"featured_media":0,"parent":0,"menu_order":0,"comment_status":"closed","ping_status":"closed","template":"basic-sivu.php","meta":{"_acf_changed":false,"footnotes":""},"class_list":["post-271","page","type-page","status-publish","hentry"],"acf":[],"yoast_head":"<!-- This site is optimized with the Yoast SEO plugin v27.4 - https:\/\/yoast.com\/product\/yoast-seo-wordpress\/ -->\n<title>Ajankohtaista - Haapakyl\u00e4n osakaskunta<\/title>\n<meta name=\"robots\" content=\"index, follow, max-snippet:-1, max-image-preview:large, max-video-preview:-1\" \/>\n<link rel=\"canonical\" href=\"https:\/\/keiteleenkalatalousalue.fi\/haapakyla\/ajankohtaista\/\" \/>\n<meta property=\"og:locale\" content=\"fi_FI\" \/>\n<meta property=\"og:type\" content=\"article\" \/>\n<meta property=\"og:title\" content=\"Ajankohtaista - Haapakyl\u00e4n osakaskunta\" \/>\n<meta property=\"og:description\" content=\"Ajankohtaista Haapakyl\u00e4n kalastuskunnan s\u00e4\u00e4nt\u00f6m\u00e4\u00e4r\u00e4inen yleiskokous pidet\u00e4\u00e4n sunnuntaina 28.4.2024 klo 18:00 Sumiaisissa Kahvila Korpun (ent.) tiloissa. S\u00e4\u00e4nt\u00f6m\u00e4\u00e4r\u00e4iset asiat, lis\u00e4ksi Suomi.fi-valtuudet.Hoitokunta. ~ Osakaskunnan verkkosivut, lupahinnat ja -ehdot p\u00e4ivitetty 9.5.2017 ~ Osakaskunnan sivut p\u00e4ivitetty 20.1.2016 ~ 7.5.2014 Osakaskunnan sivujen tiedot p\u00e4ivitetty&nbsp;(mm. lupahinnat, s\u00e4\u00e4nn\u00f6t)! ~ 13.4.2012 Keski-Suomen 3. vaihemaakuntakaava, j\u00e4tetyt lausunnot ja vastineet; www.keskisuomi.fi\/3.vmk ~ 29.3.2010 Internetsivut p\u00e4ivitetty 29.3.2010. Lue lis\u00e4\u00e4 &gt;\" \/>\n<meta property=\"og:url\" content=\"https:\/\/keiteleenkalatalousalue.fi\/haapakyla\/ajankohtaista\/\" \/>\n<meta property=\"og:site_name\" content=\"Haapakyl\u00e4n osakaskunta\" \/>\n<meta property=\"article:modified_time\" content=\"2024-04-04T09:32:55+00:00\" \/>\n<meta name=\"twitter:card\" content=\"summary_large_image\" \/>\n<meta name=\"twitter:label1\" content=\"Arvioitu lukuaika\" \/>\n\t<meta name=\"twitter:data1\" content=\"1 minuutti\" \/>\n<script type=\"application\/ld+json\" class=\"yoast-schema-graph\">{\"@context\":\"https:\\\/\\\/schema.org\",\"@graph\":[{\"@type\":\"WebPage\",\"@id\":\"https:\\\/\\\/keiteleenkalatalousalue.fi\\\/haapakyla\\\/ajankohtaista\\\/\",\"url\":\"https:\\\/\\\/keiteleenkalatalousalue.fi\\\/haapakyla\\\/ajankohtaista\\\/\",\"name\":\"Ajankohtaista - Haapakyl\u00e4n osakaskunta\",\"isPartOf\":{\"@id\":\"https:\\\/\\\/keiteleenkalatalousalue.fi\\\/haapakyla\\\/#website\"},\"datePublished\":\"2021-04-27T08:08:19+00:00\",\"dateModified\":\"2024-04-04T09:32:55+00:00\",\"breadcrumb\":{\"@id\":\"https:\\\/\\\/keiteleenkalatalousalue.fi\\\/haapakyla\\\/ajankohtaista\\\/#breadcrumb\"},\"inLanguage\":\"fi\",\"potentialAction\":[{\"@type\":\"ReadAction\",\"target\":[\"https:\\\/\\\/keiteleenkalatalousalue.fi\\\/haapakyla\\\/ajankohtaista\\\/\"]}]},{\"@type\":\"BreadcrumbList\",\"@id\":\"https:\\\/\\\/keiteleenkalatalousalue.fi\\\/haapakyla\\\/ajankohtaista\\\/#breadcrumb\",\"itemListElement\":[{\"@type\":\"ListItem\",\"position\":1,\"name\":\"Home\",\"item\":\"https:\\\/\\\/keiteleenkalatalousalue.fi\\\/haapakyla\\\/\"},{\"@type\":\"ListItem\",\"position\":2,\"name\":\"Ajankohtaista\"}]},{\"@type\":\"WebSite\",\"@id\":\"https:\\\/\\\/keiteleenkalatalousalue.fi\\\/haapakyla\\\/#website\",\"url\":\"https:\\\/\\\/keiteleenkalatalousalue.fi\\\/haapakyla\\\/\",\"name\":\"Haapakyl\u00e4n osakaskunta\",\"description\":\"\",\"potentialAction\":[{\"@type\":\"SearchAction\",\"target\":{\"@type\":\"EntryPoint\",\"urlTemplate\":\"https:\\\/\\\/keiteleenkalatalousalue.fi\\\/haapakyla\\\/?s={search_term_string}\"},\"query-input\":{\"@type\":\"PropertyValueSpecification\",\"valueRequired\":true,\"valueName\":\"search_term_string\"}}],\"inLanguage\":\"fi\"}]}<\/script>\n<!-- \/ Yoast SEO plugin. -->","yoast_head_json":{"title":"Ajankohtaista - Haapakyl\u00e4n osakaskunta","robots":{"index":"index","follow":"follow","max-snippet":"max-snippet:-1","max-image-preview":"max-image-preview:large","max-video-preview":"max-video-preview:-1"},"canonical":"https:\/\/keiteleenkalatalousalue.fi\/haapakyla\/ajankohtaista\/","og_locale":"fi_FI","og_type":"article","og_title":"Ajankohtaista - Haapakyl\u00e4n osakaskunta","og_description":"Ajankohtaista Haapakyl\u00e4n kalastuskunnan s\u00e4\u00e4nt\u00f6m\u00e4\u00e4r\u00e4inen yleiskokous pidet\u00e4\u00e4n sunnuntaina 28.4.2024 klo 18:00 Sumiaisissa Kahvila Korpun (ent.) tiloissa. S\u00e4\u00e4nt\u00f6m\u00e4\u00e4r\u00e4iset asiat, lis\u00e4ksi Suomi.fi-valtuudet.Hoitokunta. ~ Osakaskunnan verkkosivut, lupahinnat ja -ehdot p\u00e4ivitetty 9.5.2017 ~ Osakaskunnan sivut p\u00e4ivitetty 20.1.2016 ~ 7.5.2014 Osakaskunnan sivujen tiedot p\u00e4ivitetty&nbsp;(mm. lupahinnat, s\u00e4\u00e4nn\u00f6t)! ~ 13.4.2012 Keski-Suomen 3. vaihemaakuntakaava, j\u00e4tetyt lausunnot ja vastineet; www.keskisuomi.fi\/3.vmk ~ 29.3.2010 Internetsivut p\u00e4ivitetty 29.3.2010. Lue lis\u00e4\u00e4 >","og_url":"https:\/\/keiteleenkalatalousalue.fi\/haapakyla\/ajankohtaista\/","og_site_name":"Haapakyl\u00e4n osakaskunta","article_modified_time":"2024-04-04T09:32:55+00:00","twitter_card":"summary_large_image","twitter_misc":{"Arvioitu lukuaika":"1 minuutti"},"schema":{"@context":"https:\/\/schema.org","@graph":[{"@type":"WebPage","@id":"https:\/\/keiteleenkalatalousalue.fi\/haapakyla\/ajankohtaista\/","url":"https:\/\/keiteleenkalatalousalue.fi\/haapakyla\/ajankohtaista\/","name":"Ajankohtaista - Haapakyl\u00e4n osakaskunta","isPartOf":{"@id":"https:\/\/keiteleenkalatalousalue.fi\/haapakyla\/#website"},"datePublished":"2021-04-27T08:08:19+00:00","dateModified":"2024-04-04T09:32:55+00:00","breadcrumb":{"@id":"https:\/\/keiteleenkalatalousalue.fi\/haapakyla\/ajankohtaista\/#breadcrumb"},"inLanguage":"fi","potentialAction":[{"@type":"ReadAction","target":["https:\/\/keiteleenkalatalousalue.fi\/haapakyla\/ajankohtaista\/"]}]},{"@type":"BreadcrumbList","@id":"https:\/\/keiteleenkalatalousalue.fi\/haapakyla\/ajankohtaista\/#breadcrumb","itemListElement":[{"@type":"ListItem","position":1,"name":"Home","item":"https:\/\/keiteleenkalatalousalue.fi\/haapakyla\/"},{"@type":"ListItem","position":2,"name":"Ajankohtaista"}]},{"@type":"WebSite","@id":"https:\/\/keiteleenkalatalousalue.fi\/haapakyla\/#website","url":"https:\/\/keiteleenkalatalousalue.fi\/haapakyla\/","name":"Haapakyl\u00e4n osakaskunta","description":"","potentialAction":[{"@type":"SearchAction","target":{"@type":"EntryPoint","urlTemplate":"https:\/\/keiteleenkalatalousalue.fi\/haapakyla\/?s={search_term_string}"},"query-input":{"@type":"PropertyValueSpecification","valueRequired":true,"valueName":"search_term_string"}}],"inLanguage":"fi"}]}},"_links":{"self":[{"href":"https:\/\/keiteleenkalatalousalue.fi\/haapakyla\/wp-json\/wp\/v2\/pages\/271","targetHints":{"allow":["GET"]}}],"collection":[{"href":"https:\/\/keiteleenkalatalousalue.fi\/haapakyla\/wp-json\/wp\/v2\/pages"}],"about":[{"href":"https:\/\/keiteleenkalatalousalue.fi\/haapakyla\/wp-json\/wp\/v2\/types\/page"}],"author":[{"embeddable":true,"href":"https:\/\/keiteleenkalatalousalue.fi\/haapakyla\/wp-json\/wp\/v2\/users\/1"}],"replies":[{"embeddable":true,"href":"https:\/\/keiteleenkalatalousalue.fi\/haapakyla\/wp-json\/wp\/v2\/comments?post=271"}],"version-history":[{"count":6,"href":"https:\/\/keiteleenkalatalousalue.fi\/haapakyla\/wp-json\/wp\/v2\/pages\/271\/revisions"}],"predecessor-version":[{"id":322,"href":"https:\/\/keiteleenkalatalousalue.fi\/haapakyla\/wp-json\/wp\/v2\/pages\/271\/revisions\/322"}],"wp:attachment":[{"href":"https:\/\/keiteleenkalatalousalue.fi\/haapakyla\/wp-json\/wp\/v2\/media?parent=271"}],"curies":[{"name":"wp","href":"https:\/\/api.w.org\/{rel}","templated":true}]}}